{"id":3995,"date":"2021-11-16T12:49:28","date_gmt":"2021-11-16T11:49:28","guid":{"rendered":"https:\/\/gs-ravne.splet.arnes.si\/?page_id=3995"},"modified":"2022-06-09T12:55:41","modified_gmt":"2022-06-09T10:55:41","slug":"javni-nastopi-2021-22","status":"publish","type":"page","link":"https:\/\/www.gs-ravne.si\/?page_id=3995","title":{"rendered":"Javni nastopi 2021\/22"},"content":{"rendered":"\n<p>Vsi nastopi se za\u010dnejo ob 18.30 uri. Organizacijo nastopov bomo usklajevali z morebitni ukrepi za prepre\u010ditev \u0161irjenja novega koronavirusa SARS-Cov-2, kar lahko privede do prilagoditev ali odpovedi nastopov.<\/p>\n\n\n\n<p><strong>OB\u010cINA RAVNE NA KORO\u0160KEM<\/strong><\/p>\n\n\n\n<p>KULTURNI CENTER RAVNE                                                                             16. november 2021<br>Organizator: Marko Strm\u010dnik<br>Sodelujo\u010di u\u010ditelji: po dogovoru<\/p>\n\n\n\n<div class=\"wp-block-file\"><a href=\"https:\/\/www.gs-ravne.si\/files\/2021\/11\/Nastop-u\u010dencev-KC-Ravne-16.11.2021-M.-Strm\u010dnik.pdf\">PROGRAMSKI LIST<\/a><a href=\"https:\/\/www.gs-ravne.si\/files\/2021\/11\/Nastop-u\u010dencev-KC-Ravne-16.11.2021-M.-Strm\u010dnik.pdf\" class=\"wp-block-file__button\" download>Download<\/a><\/div>\n\n\n\n<figure class=\"wp-block-embed is-type-video is-provider-youtube wp-block-embed-youtube wp-embed-aspect-16-9 wp-has-aspect-ratio\"><div class=\"wp-block-embed__wrapper\">\n<iframe loading=\"lazy\" title=\"Javni nastop u\u010dencev, 16. 11. 2021\" width=\"640\" height=\"360\" src=\"https:\/\/www.youtube.com\/embed\/L_ql4cSU5QE?feature=oembed\" frameborder=\"0\" allow=\"accelerometer; autoplay; clipboard-write; encrypted-media; gyroscope; picture-in-picture; web-share\" referrerpolicy=\"strict-origin-when-cross-origin\" allowfullscreen><\/iframe>\n<\/div><\/figure>\n\n\n\n<p>KULTURNI CENTER RAVNE                                                                                   30. november 2021<br>Organizator: Davorin Jev\u0161nikar<br>Sodelujo\u010di u\u010ditelji po dogovoru<\/p>\n\n\n\n<div class=\"wp-block-file\"><a href=\"https:\/\/www.gs-ravne.si\/files\/2021\/11\/Nastop-u\u010dencev-KC-Ravne-30.11.2021-D.-Jev\u0161nikar.pdf\">PROGRAMSKI LIST<\/a><a href=\"https:\/\/www.gs-ravne.si\/files\/2021\/11\/Nastop-u\u010dencev-KC-Ravne-30.11.2021-D.-Jev\u0161nikar.pdf\" class=\"wp-block-file__button\" download>Download<\/a><\/div>\n\n\n\n<figure class=\"wp-block-embed is-type-video is-provider-youtube wp-block-embed-youtube wp-embed-aspect-16-9 wp-has-aspect-ratio\"><div class=\"wp-block-embed__wrapper\">\n<iframe loading=\"lazy\" title=\"Javni nastop u\u010dencev, 30. 11. 2021\" width=\"640\" height=\"360\" src=\"https:\/\/www.youtube.com\/embed\/oJot6rrBHn8?feature=oembed\" frameborder=\"0\" allow=\"accelerometer; autoplay; clipboard-write; encrypted-media; gyroscope; picture-in-picture; web-share\" referrerpolicy=\"strict-origin-when-cross-origin\" allowfullscreen><\/iframe>\n<\/div><\/figure>\n\n\n\n<p>KULTURNI CENTER RAVNE                                                                                    21. december 2021<br>Organizator: Gregor Kova\u010di\u010d<br>Sodelujo\u010di u\u010ditelji: po dogovoru<\/p>\n\n\n\n<div class=\"wp-block-file\"><a href=\"https:\/\/www.gs-ravne.si\/files\/2021\/12\/Javni-nastop-u\u010dencev-Ravne-21.12.2021-G.-Kova\u010di\u010d.pdf\">PROGRAMSKI LIST<\/a><a href=\"https:\/\/www.gs-ravne.si\/files\/2021\/12\/Javni-nastop-u\u010dencev-Ravne-21.12.2021-G.-Kova\u010di\u010d.pdf\" class=\"wp-block-file__button\" download>Download<\/a><\/div>\n\n\n\n<figure class=\"wp-block-embed is-type-video is-provider-youtube wp-block-embed-youtube wp-embed-aspect-16-9 wp-has-aspect-ratio\"><div class=\"wp-block-embed__wrapper\">\n<iframe loading=\"lazy\" title=\"Javni nastop u\u010dencev, 21.12.2021\" width=\"640\" height=\"360\" src=\"https:\/\/www.youtube.com\/embed\/c1GckQMoigg?feature=oembed\" frameborder=\"0\" allow=\"accelerometer; autoplay; clipboard-write; encrypted-media; gyroscope; picture-in-picture; web-share\" referrerpolicy=\"strict-origin-when-cross-origin\" allowfullscreen><\/iframe>\n<\/div><\/figure>\n\n\n\n<p>KULTURNI CENTER RAVNE                                                                                          22. marec 2022<br>JAVNI NASTOP PIANISTOV<br>Organizatorka: Sta\u0161a Skarlovnik<br>Sodelujo\u010di u\u010ditelji: vsi u\u010ditelji klavirja<\/p>\n\n\n\n<div class=\"wp-block-file\"><a href=\"https:\/\/www.gs-ravne.si\/files\/2022\/03\/Javni-nastop-pianistov-22.03.2022-Skarlovnik-S.-1.pdf\">PROGRAMSKI LIST<\/a><a href=\"https:\/\/www.gs-ravne.si\/files\/2022\/03\/Javni-nastop-pianistov-22.03.2022-Skarlovnik-S.-1.pdf\" class=\"wp-block-file__button\" download>Prenos<\/a><\/div>\n\n\n\n<p>KULTURNI CENTER RAVNE                                                                                          29. marec 2022<br>JAVNI NASTOP PIANISTOV<br>Organizatorka: Renata Mirkac<br>Sodelujo\u010di u\u010ditelji: vsi u\u010ditelji klavirja<\/p>\n\n\n\n<div class=\"wp-block-file\"><a href=\"https:\/\/www.gs-ravne.si\/files\/2022\/03\/Javni-nastop-pianistov-29.3.2022-Mirkac.pdf\">PROGRAMSKI LIST<\/a><a href=\"https:\/\/www.gs-ravne.si\/files\/2022\/03\/Javni-nastop-pianistov-29.3.2022-Mirkac.pdf\" class=\"wp-block-file__button\" download>Prenos<\/a><\/div>\n\n\n\n<p>KULTURNI CENTER RAVNE                                                                                               5. april 2022<br>Organizator: Jo\u017ee Mandl<br>Sodelujo\u010di u\u010ditelji: po dogovoru<\/p>\n\n\n\n<div class=\"wp-block-file\"><a href=\"https:\/\/www.gs-ravne.si\/files\/2022\/04\/Javni-nastop-ucencev-5.4.2022-Mandl.pdf\">PROGRAMSKI LIST<\/a><a href=\"https:\/\/www.gs-ravne.si\/files\/2022\/04\/Javni-nastop-ucencev-5.4.2022-Mandl.pdf\" class=\"wp-block-file__button\" download>Prenos<\/a><\/div>\n\n\n\n<p>KULTURNI CENTER RAVNE                                                                                               17. maj 2022<br>Organizator: Samo Kolar<br>Sodelujo\u010di u\u010ditelji: vsi, ki \u0161e niso opravili nastopa do tega datuma<\/p>\n\n\n\n<div class=\"wp-block-file\"><a href=\"https:\/\/www.gs-ravne.si\/files\/2022\/05\/Javni-nastop-ucencev-17.5.2022-S.-Kolar.pdf\">PROGRAMSKI LIST<\/a><a href=\"https:\/\/www.gs-ravne.si\/files\/2022\/05\/Javni-nastop-ucencev-17.5.2022-S.-Kolar.pdf\" class=\"wp-block-file__button\" download>Prenos<\/a><\/div>\n\n\n\n<p>KULTURNI CENTER RAVNE NA KORO\u0160KEM                                                              24. maj 2022<br>KONCERT ORKESTROV \u0160OLE<br>Organizator: Aleksander Kotnik<br>Sodelujo\u010di u\u010ditelji: vsi<\/p>\n\n\n\n<div class=\"wp-block-file\"><a href=\"https:\/\/www.gs-ravne.si\/files\/2022\/05\/Zakljucni-koncert-orkestrov-24.5.2022.pdf\">PROGRAMSKI LIST<\/a><a href=\"https:\/\/www.gs-ravne.si\/files\/2022\/05\/Zakljucni-koncert-orkestrov-24.5.2022.pdf\" class=\"wp-block-file__button\" download>Prenos<\/a><\/div>\n\n\n\n<p>KULTURNI CENTER RAVNE                                                                                              28. maj 2022<br>NASTOP BALETNIH PLESALCEV<br>Organizatorka: Elena Cioat\u00e1<br>Sodelujo\u010di u\u010ditelji: po dogovoru<\/p>\n\n\n\n<div class=\"wp-block-file\"><a href=\"https:\/\/www.gs-ravne.si\/files\/2022\/05\/Baletna-predstava-Kekec-28.5.2022.pdf\">PROGRAMSKI LIST<\/a><a href=\"https:\/\/www.gs-ravne.si\/files\/2022\/05\/Baletna-predstava-Kekec-28.5.2022.pdf\" class=\"wp-block-file__button\" download>Prenos<\/a><\/div>\n\n\n\n<p>GLASBENI DOM PIHALNEGA ORKESTRA \u017dELEZARJEV RAVNE                           1. junij 2022<br>ZAKLJU\u010cNI NASTOP RAVNE-PREVALJE<br>Organizatorka: Nadja Ro\u0161er<br>Sodelujo\u010di u\u010ditelji: u\u010ditelji, ki pou\u010dujejo na oddelkih Ravne in Prevalje<\/p>\n\n\n\n<div class=\"wp-block-file\"><a href=\"https:\/\/www.gs-ravne.si\/files\/2022\/05\/Zakljucni-koncert-ucencev-1.6.2022-Roser.pdf\">PROGRAMSKI LIST<\/a><a href=\"https:\/\/www.gs-ravne.si\/files\/2022\/05\/Zakljucni-koncert-ucencev-1.6.2022-Roser.pdf\" class=\"wp-block-file__button\" download>Prenos<\/a><\/div>\n\n\n\n<p>KULTURNI CENTER RAVNE NA KORO\u0160KEM                                                               7. junij 2022<br>NASTOP U\u010cENCEV PRVIH RAZREDOV<br>Organizatorka: Ana \u0160logar<br>Sodelujo\u010di u\u010ditelji: vsi u\u010ditelji 1. razredov pihal, trobil in tolkal<\/p>\n\n\n\n<div class=\"wp-block-file\"><a href=\"https:\/\/www.gs-ravne.si\/files\/2022\/06\/Zakljucni-nastop-ucencev-1.-razredov-7.6.2022-Slogar.pdf\">PROGRAMSKI LIST<\/a><a href=\"https:\/\/www.gs-ravne.si\/files\/2022\/06\/Zakljucni-nastop-ucencev-1.-razredov-7.6.2022-Slogar.pdf\" class=\"wp-block-file__button\" download>Prenos<\/a><\/div>\n\n\n\n<p>DVORANA G\u0160 RAVNE NA KORO\u0160KEM                                                                            9. junij 2022<br>NASTOP U\u010cENCEV PRVIH RAZREDOV KLAVIRJA<br>Organizatorka: Sta\u0161a Skarlovnik<br>Sodelujo\u010di u\u010ditelji: vsi u\u010ditelji 1. razredov klavirja <\/p>\n\n\n\n<div class=\"wp-block-file\"><a href=\"https:\/\/www.gs-ravne.si\/files\/2022\/06\/Zakljucni-nastop-pianistov-1.-razredov-9.6.2022-Skarlovnik-S.-1.pdf\">PROGRAMSKI LIST<\/a><a href=\"https:\/\/www.gs-ravne.si\/files\/2022\/06\/Zakljucni-nastop-pianistov-1.-razredov-9.6.2022-Skarlovnik-S.-1.pdf\" class=\"wp-block-file__button\" download>Prenos<\/a><\/div>\n\n\n\n<p><strong>OB\u010cINA PREVALJE<\/strong><\/p>\n\n\n\n<p>GLASBENA U\u010cILNICA OSNOVNE \u0160OLE                                                                 7. december 2021<br>Organizatorka: Ela Skarlovnik<br>Sodelujo\u010di u\u010ditelji: vsi u\u010ditelji oddelka<\/p>\n\n\n\n<div class=\"wp-block-file\"><a href=\"https:\/\/www.gs-ravne.si\/files\/2021\/12\/Javni-nastop-u\u010dencev-oddelka-Prevalje-7.12.2021-Skarlovnik-E.-1.pdf\">PROGRAMSKI LIST<\/a><a href=\"https:\/\/www.gs-ravne.si\/files\/2021\/12\/Javni-nastop-u\u010dencev-oddelka-Prevalje-7.12.2021-Skarlovnik-E.-1.pdf\" class=\"wp-block-file__button\" download>Download<\/a><\/div>\n\n\n\n<figure class=\"wp-block-embed is-type-video is-provider-youtube wp-block-embed-youtube wp-embed-aspect-16-9 wp-has-aspect-ratio\"><div class=\"wp-block-embed__wrapper\">\n<iframe loading=\"lazy\" title=\"Javni nastop u\u010dencev, 7. 12. 2021\" width=\"640\" height=\"360\" src=\"https:\/\/www.youtube.com\/embed\/Gc6lPCX488s?feature=oembed\" frameborder=\"0\" allow=\"accelerometer; autoplay; clipboard-write; encrypted-media; gyroscope; picture-in-picture; web-share\" referrerpolicy=\"strict-origin-when-cross-origin\" allowfullscreen><\/iframe>\n<\/div><\/figure>\n\n\n\n<p>GLASBENA U\u010cILNICA OSNOVNE \u0160OLE                                                                     15. marec 2022<br>Organizatorka: Renata Mirkac<br>Sodelujo\u010di u\u010ditelji: vsi u\u010ditelji oddelka<\/p>\n\n\n\n<div class=\"wp-block-file\"><a href=\"https:\/\/www.gs-ravne.si\/files\/2022\/03\/Javni-nastop-ucencev-15.3.2022-Mirkac-3.pdf\">PROGRAMSKI LIST<\/a><a href=\"https:\/\/www.gs-ravne.si\/files\/2022\/03\/Javni-nastop-ucencev-15.3.2022-Mirkac-3.pdf\" class=\"wp-block-file__button\" download>Prenos<\/a><\/div>\n\n\n\n<p><strong>OB\u010cINA ME\u017dICA<\/strong><\/p>\n\n\n\n<p>GLASBENI DOM ME\u017dICA                                                                                            9. december 2021<br>(sodelujejo otroci glasbene pripravnice)<br>Organizator: Du\u0161an \u0160triker<br>Sodelujo\u010di u\u010ditelji: vsi u\u010ditelji oddelka<\/p>\n\n\n\n<div class=\"wp-block-file\"><a href=\"https:\/\/www.gs-ravne.si\/files\/2021\/12\/Javni-nastop-u\u010dencev-Me\u017eica-9.12.2021-\u0160triker.pdf\">PROGRAMSKI LIST<\/a><a href=\"https:\/\/www.gs-ravne.si\/files\/2021\/12\/Javni-nastop-u\u010dencev-Me\u017eica-9.12.2021-\u0160triker.pdf\" class=\"wp-block-file__button\" download>Download<\/a><\/div>\n\n\n\n<figure class=\"wp-block-embed is-type-video is-provider-youtube wp-block-embed-youtube wp-embed-aspect-16-9 wp-has-aspect-ratio\"><div class=\"wp-block-embed__wrapper\">\n<iframe loading=\"lazy\" title=\"Javni nastop u\u010dencev, 9. 12. 2021\" width=\"640\" height=\"360\" src=\"https:\/\/www.youtube.com\/embed\/U8saIQVuiLY?feature=oembed\" frameborder=\"0\" allow=\"accelerometer; autoplay; clipboard-write; encrypted-media; gyroscope; picture-in-picture; web-share\" referrerpolicy=\"strict-origin-when-cross-origin\" allowfullscreen><\/iframe>\n<\/div><\/figure>\n\n\n\n<p>GLASBENI DOM ME\u017dICA                                                                                                    12. maj 2022<br>Organizator: Janez Miklav\u017eina<br>Sodelujo\u010di u\u010ditelji: vsi u\u010ditelji oddelka<\/p>\n\n\n\n<div class=\"wp-block-file\"><a href=\"https:\/\/www.gs-ravne.si\/files\/2022\/05\/Javni-nastop-ucencev-12.05.2022-Miklavzina-J.-1.pdf\">PROGRAMSKI LIST<\/a><a href=\"https:\/\/www.gs-ravne.si\/files\/2022\/05\/Javni-nastop-ucencev-12.05.2022-Miklavzina-J.-1.pdf\" class=\"wp-block-file__button\" download>Prenos<\/a><\/div>\n\n\n\n<p><strong>OB\u010cINA \u010cRNA NA KORO\u0160KEM<\/strong><\/p>\n\n\n\n<p>KULTURNI DOM \u010cRNA NA KORO\u0160KEM                                                                2. december 2021<br>Organizatorka: Amalija Skrube<br>Sodelujo\u010di u\u010ditelji: vsi u\u010ditelji oddelka<\/p>\n\n\n\n<div class=\"wp-block-file\"><a href=\"https:\/\/www.gs-ravne.si\/files\/2021\/12\/Nastop-u\u010dencev-\u010crna-2.12.2021-A.-Skrube-1.pdf\">PROGRAMSKI LIST<\/a><a href=\"https:\/\/www.gs-ravne.si\/files\/2021\/12\/Nastop-u\u010dencev-\u010crna-2.12.2021-A.-Skrube-1.pdf\" class=\"wp-block-file__button\" download>Download<\/a><\/div>\n\n\n\n<figure class=\"wp-block-embed is-type-video is-provider-youtube wp-block-embed-youtube wp-embed-aspect-16-9 wp-has-aspect-ratio\"><div class=\"wp-block-embed__wrapper\">\n<iframe loading=\"lazy\" title=\"Javni nastop u\u010dencev, 2. 12. 2021\" width=\"640\" height=\"360\" src=\"https:\/\/www.youtube.com\/embed\/a1XHUs_eDv0?feature=oembed\" frameborder=\"0\" allow=\"accelerometer; autoplay; clipboard-write; encrypted-media; gyroscope; picture-in-picture; web-share\" referrerpolicy=\"strict-origin-when-cross-origin\" allowfullscreen><\/iframe>\n<\/div><\/figure>\n\n\n\n<p>KULTURNI DOM \u010cRNA NA KORO\u0160KEM                                                                       12. april 2022<br>Organizatorka: Rina Repnik<br>Sodelujo\u010di u\u010ditelji: vsi u\u010ditelji oddelka<\/p>\n\n\n\n<div class=\"wp-block-file\"><a href=\"https:\/\/www.gs-ravne.si\/files\/2022\/04\/Javni-nastop-ucencev-12.4.2022-Repnik-1.pdf\">PROGRAMSKI LIST<\/a><a href=\"https:\/\/www.gs-ravne.si\/files\/2022\/04\/Javni-nastop-ucencev-12.4.2022-Repnik-1.pdf\" class=\"wp-block-file__button\" download>Prenos<\/a><\/div>\n\n\n\n<p>ZAKLJU\u010cNI NASTOP \u010cRNA-ME\u017dICA                                                                              19. maj 2022<br>KULTURNI DOM \u010cRNA NA KORO\u0160KEM<br>Organizatorja: Marko Strm\u010dnik, Rina Repnik<br>Sodelujo\u010di u\u010ditelji: vsi u\u010ditelji oddelkov<\/p>\n\n\n\n<div class=\"wp-block-file\"><a href=\"https:\/\/www.gs-ravne.si\/files\/2022\/05\/Zakljucni-koncert-ucencev-19.5.2022-RepnikStrmcnik.pdf\">PROGRAMSKI LIST<\/a><a href=\"https:\/\/www.gs-ravne.si\/files\/2022\/05\/Zakljucni-koncert-ucencev-19.5.2022-RepnikStrmcnik.pdf\" class=\"wp-block-file__button\" download>Prenos<\/a><\/div>\n\n\n\n<p><strong>OB\u010cINA DRAVOGRAD<\/strong><\/p>\n\n\n\n<p>JEDILNICA OSNOVNE \u0160OLE                                                                                   20. december 2021<br>Organizatorka: Eva Mori<br>Sodelujo\u010di u\u010ditelji: vsi u\u010ditelji oddelka<\/p>\n\n\n\n<div class=\"wp-block-file\"><a href=\"https:\/\/www.gs-ravne.si\/files\/2021\/12\/Javni-nastop-u\u010dencev-Dravograd-20.12.2021-E.-Mori.pdf\">PROGRAMSKI LIST<\/a><a href=\"https:\/\/www.gs-ravne.si\/files\/2021\/12\/Javni-nastop-u\u010dencev-Dravograd-20.12.2021-E.-Mori.pdf\" class=\"wp-block-file__button\" download>Download<\/a><\/div>\n\n\n\n<figure class=\"wp-block-embed is-type-video is-provider-youtube wp-block-embed-youtube wp-embed-aspect-16-9 wp-has-aspect-ratio\"><div class=\"wp-block-embed__wrapper\">\n<iframe loading=\"lazy\" title=\"Javni nastop u\u010dencev, 20.12.2021\" width=\"640\" height=\"360\" src=\"https:\/\/www.youtube.com\/embed\/RYs_G8LBNKk?feature=oembed\" frameborder=\"0\" allow=\"accelerometer; autoplay; clipboard-write; encrypted-media; gyroscope; picture-in-picture; web-share\" referrerpolicy=\"strict-origin-when-cross-origin\" allowfullscreen><\/iframe>\n<\/div><\/figure>\n\n\n\n<p>JEDILNICA OSNOVNE \u0160OLE                                                                                          17. marec 2022<br>Organizatorka: Sta\u0161a Skarlovnik<br>Sodelujo\u010di u\u010ditelji: vsi u\u010ditelji oddelka<\/p>\n\n\n\n<div class=\"wp-block-file\"><a href=\"https:\/\/www.gs-ravne.si\/files\/2022\/03\/Javni-nastop-ucencev-oddelka-Dravograd-17.03.2022-Skarlovnik-S.-1.pdf\">PROGRAMSKI LIST<\/a><a href=\"https:\/\/www.gs-ravne.si\/files\/2022\/03\/Javni-nastop-ucencev-oddelka-Dravograd-17.03.2022-Skarlovnik-S.-1.pdf\" class=\"wp-block-file__button\" download>Prenos<\/a><\/div>\n\n\n\n<p>JEDILNICA OSNOVNE \u0160OLE                                                                                              10. maj 2022<br>ZAKLJU\u010cNI KONCERT<br>Organizatorka: Alenka Mori<br>Sodelujo\u010di u\u010ditelji: vsi u\u010ditelji oddelka<\/p>\n\n\n\n<div class=\"wp-block-file\"><a href=\"https:\/\/www.gs-ravne.si\/files\/2022\/05\/Zakljucni-koncert-Oddelka-Dravograd-10.05.2022-Mori-A.-1.pdf\">PROGRAMSKI LIST<\/a><a href=\"https:\/\/www.gs-ravne.si\/files\/2022\/05\/Zakljucni-koncert-Oddelka-Dravograd-10.05.2022-Mori-A.-1.pdf\" class=\"wp-block-file__button\" download>Prenos<\/a><\/div>\n\n\n\n<p><strong>OSTALI NASTOPI V \u0160OLSKEM LETU 2021\/2022<\/strong><\/p>\n\n\n\n<p><strong>14. 1. 2022<\/strong> &#8211; Revija glasbenih \u0161ol \u0160tajerske, Koro\u0161ke in Pomurja (Konservatorij za glasbo in balet Maribor ob 18. uri)<\/p>\n\n\n\n<p><strong>1.2. \u20137.2. 2022 <\/strong>\u2013 TEMSIG-predtekmovanje na glasbenih \u0161olah v raznih krajih Slovenije<\/p>\n\n\n\n<p><strong>3.3. \u2013 18. 3. 2022 \u2013 <\/strong>TEMSIG<strong> <\/strong>dr\u017eavno tekmovanje na glasbenih \u0161olah \u0160tajerske in Pomurja<\/p>\n\n\n\n<p><strong>19. 4. 2022<\/strong> &#8211; Revija Koro\u0161kih glasbenih \u0161ol, Kuharjeva dvorana Koro\u0161ke osrednje knji\u017enice dr. Franca Su\u0161nika Ravne na Koro\u0161kem<\/p>\n\n\n\n<div class=\"wp-block-file\"><a href=\"https:\/\/www.gs-ravne.si\/files\/2022\/04\/30.-revija-koroskih-glasbenih-sol-19.4.2022-programski-list.pdf\">PROGRAMSKI LIST<\/a><a href=\"https:\/\/www.gs-ravne.si\/files\/2022\/04\/30.-revija-koroskih-glasbenih-sol-19.4.2022-programski-list.pdf\" class=\"wp-block-file__button\" download>Prenos<\/a><\/div>\n\n\n\n<p><\/p>\n","protected":false},"excerpt":{"rendered":"<p>Vsi nastopi se za\u010dnejo ob 18.30 uri. Organizacijo nastopov bomo usklajevali z morebitni ukrepi za prepre\u010ditev \u0161irjenja novega koronavirusa SARS-Cov-2, kar lahko privede do prilagoditev ali odpovedi nastopov. OB\u010cINA RAVNE NA KORO\u0160KEM KULTURNI CENTER RAVNE 16. november 2021Organizator: Marko Strm\u010dnikSodelujo\u010di &hellip; <a href=\"https:\/\/www.gs-ravne.si\/?page_id=3995\">Beri naprej <span class=\"meta-nav\">&rarr;<\/span><\/a><\/p>\n","protected":false},"author":2856,"featured_media":0,"parent":0,"menu_order":0,"comment_status":"closed","ping_status":"closed","template":"","meta":{"ngg_post_thumbnail":0,"footnotes":""},"class_list":["post-3995","page","type-page","status-publish","hentry"],"_links":{"self":[{"href":"https:\/\/www.gs-ravne.si\/index.php?rest_route=\/wp\/v2\/pages\/3995","targetHints":{"allow":["GET"]}}],"collection":[{"href":"https:\/\/www.gs-ravne.si\/index.php?rest_route=\/wp\/v2\/pages"}],"about":[{"href":"https:\/\/www.gs-ravne.si\/index.php?rest_route=\/wp\/v2\/types\/page"}],"author":[{"embeddable":true,"href":"https:\/\/www.gs-ravne.si\/index.php?rest_route=\/wp\/v2\/users\/2856"}],"replies":[{"embeddable":true,"href":"https:\/\/www.gs-ravne.si\/index.php?rest_route=%2Fwp%2Fv2%2Fcomments&post=3995"}],"version-history":[{"count":49,"href":"https:\/\/www.gs-ravne.si\/index.php?rest_route=\/wp\/v2\/pages\/3995\/revisions"}],"predecessor-version":[{"id":4284,"href":"https:\/\/www.gs-ravne.si\/index.php?rest_route=\/wp\/v2\/pages\/3995\/revisions\/4284"}],"wp:attachment":[{"href":"https:\/\/www.gs-ravne.si\/index.php?rest_route=%2Fwp%2Fv2%2Fmedia&parent=3995"}],"curies":[{"name":"wp","href":"https:\/\/api.w.org\/{rel}","templated":true}]}}