{"id":483,"date":"2014-11-10T12:04:45","date_gmt":"2014-11-10T11:04:45","guid":{"rendered":"http:\/\/gs-ravne.splet.arnes.si\/?page_id=483"},"modified":"2024-03-14T13:21:26","modified_gmt":"2024-03-14T12:21:26","slug":"hisni-red","status":"publish","type":"page","link":"https:\/\/www.gs-ravne.si\/?page_id=483","title":{"rendered":"Hi\u0161ni red"},"content":{"rendered":"<h5>Na na\u0161i \u0161oli \u017eelimo zagotoviti \u010dim bolj\u0161e po\u010dutje vsem u\u010dencem, zaposlenim na \u0161oli, star\u0161em in drugim obiskovalcem, zato mora vsak upo\u0161tevati dolo\u010dena pravila. Da se to v najve\u010dji meri zagotovi, se izvaja tudi videonadzor pri vhodu v \u0161olo in na glavnem hodniku \u0161ole.<\/p>\n<p>\u2022 u\u010denci prihajajo k pouku pravo\u010dasno<br \/>\n\u2022 v \u0161oli in zunaj nje se vsi vljudno pozdravljamo<br \/>\n\u2022 preden vstopimo v prostor (u\u010dilnico, pisarno) potrkamo<br \/>\n\u2022 na \u0161oli je za u\u010dence obvezna uporaba copat<br \/>\n\u2022 zadr\u017eevanje je dovoljeno le na hodniku, kjer so posebej za to pripravljene klopi in obe\u0161alniki za obla\u010dila<br \/>\n\u2022 u\u010denci, ki \u010dakajo na pouk, naj s hrupom ne motijo pouka<br \/>\n\u2022 u\u010denci naj pred poukom izklju\u010dijo zvonjenje mobilnih telefonov<br \/>\n\u2022 v \u0161oli vsak sam odgovarja za svojo lastnino<br \/>\n\u2022 u\u010denci morajo skrbeti za red in \u010disto\u010do v vseh prostorih \u0161ole in v njeni bli\u017enji okolici<br \/>\n\u2022 dol\u017enost u\u010dencev in vseh zaposlenih je vljuden in spo\u0161tljiv medsebojni odnos<br \/>\n\u2022 zaposleni, u\u010denci in njihovi star\u0161i so dol\u017eni ravnati tako, da je zagotovljena varnost oseb, materialnih dobrin v \u0161oli in na zunanjih \u0161olskih povr\u0161inah<br \/>\n\u2022 vsakdo, ki se nahaja na \u0161oli mora upo\u0161tevati izobe\u0161ena navodila o ravnanju ob morebitnem po\u017earu ali drugih nesre\u010dah<\/h5>\n","protected":false},"excerpt":{"rendered":"<p>Na na\u0161i \u0161oli \u017eelimo zagotoviti \u010dim bolj\u0161e po\u010dutje vsem u\u010dencem, zaposlenim na \u0161oli, star\u0161em in drugim obiskovalcem, zato mora vsak upo\u0161tevati dolo\u010dena pravila. Da se to v najve\u010dji meri zagotovi, se izvaja tudi videonadzor pri vhodu v \u0161olo in na &hellip; <a href=\"https:\/\/www.gs-ravne.si\/?page_id=483\">Beri naprej <span class=\"meta-nav\">&rarr;<\/span><\/a><\/p>\n","protected":false},"author":2856,"featured_media":0,"parent":0,"menu_order":0,"comment_status":"closed","ping_status":"open","template":"","meta":{"ngg_post_thumbnail":0,"footnotes":""},"class_list":["post-483","page","type-page","status-publish","hentry"],"_links":{"self":[{"href":"https:\/\/www.gs-ravne.si\/index.php?rest_route=\/wp\/v2\/pages\/483","targetHints":{"allow":["GET"]}}],"collection":[{"href":"https:\/\/www.gs-ravne.si\/index.php?rest_route=\/wp\/v2\/pages"}],"about":[{"href":"https:\/\/www.gs-ravne.si\/index.php?rest_route=\/wp\/v2\/types\/page"}],"author":[{"embeddable":true,"href":"https:\/\/www.gs-ravne.si\/index.php?rest_route=\/wp\/v2\/users\/2856"}],"replies":[{"embeddable":true,"href":"https:\/\/www.gs-ravne.si\/index.php?rest_route=%2Fwp%2Fv2%2Fcomments&post=483"}],"version-history":[{"count":1,"href":"https:\/\/www.gs-ravne.si\/index.php?rest_route=\/wp\/v2\/pages\/483\/revisions"}],"predecessor-version":[{"id":484,"href":"https:\/\/www.gs-ravne.si\/index.php?rest_route=\/wp\/v2\/pages\/483\/revisions\/484"}],"wp:attachment":[{"href":"https:\/\/www.gs-ravne.si\/index.php?rest_route=%2Fwp%2Fv2%2Fmedia&parent=483"}],"curies":[{"name":"wp","href":"https:\/\/api.w.org\/{rel}","templated":true}]}}